{"id":5452,"date":"2025-09-03T14:49:15","date_gmt":"2025-09-03T14:49:15","guid":{"rendered":"https:\/\/www.campingtarn.com\/?ad_hot_plein_air=camping-les-fees-du-lac-2"},"modified":"2026-01-26T21:05:47","modified_gmt":"2026-01-26T21:05:47","slug":"camping-les-fees-du-lac","status":"publish","type":"ad_hot_plein_air","link":"https:\/\/www.campingtarn.com\/de\/hotellerie-plein-air\/camping-les-fees-du-lac\/","title":{"rendered":"Camping Les F\u00e9es du Lac"},"content":{"rendered":"<p>Im Herzen des Regionalparks \u00ab Haut Languedoc \u00bb im D\u00e9partement Tarn gelegen heissen wir Sie herzlichst willkommen auf unserer 6 ha grossen, bewaldeten Freizeitanlage am Ufer des \u00abLaouzas\u00bb - See. Sie finden bei uns Ruhe und Entspannung, entdecken die Umgebung und haben zahlreiche Aktivit\u00e4ten auf Land und auf dem Wasser. Unser familienorientierter Campingplatz hat schattige Pl\u00e4tze, die alle mit Stromanschluss ausger\u00fcstet sind. Dar\u00fcberhinaus haben wir komfortable Ferienwohnungen mit Blick auf den See.<\/p>\n","protected":false},"excerpt":{"rendered":"<p>Im Herzen des Regionalparks \u00ab Haut Languedoc \u00bb im D\u00e9partement Tarn gelegen heissen wir Sie herzlichst willkommen auf unserer 6 ha grossen, bewaldeten Freizeitanlage am Ufer des \u00abLaouzas\u00bb - See. Sie finden bei uns Ruhe und Entspannung, entdecken die Umgebung und haben zahlreiche Aktivit\u00e4ten auf Land und auf dem Wasser. Unser familienorientierter Campingplatz hat schattige [&hellip;]<\/p>\n","protected":false},"featured_media":5466,"template":"","meta":[],"apidae_theme":[476],"apidae_territoire":[647,648],"apidae_langue":[566,571],"apidae_equipement":[481,482,480,479],"apidae_service":[489,487,488,485,484,605],"apidae_moyen_paiement":[],"apidae_special_camping_car":[],"class_list":["post-5452","ad_hot_plein_air","type-ad_hot_plein_air","status-publish","has-post-thumbnail","hentry","apidae_theme-nature-et-repos","apidae_territoire-monts-de-lacaune","apidae_territoire-parc-naturel-regional-du-haut-languedoc","apidae_langue-anglais","apidae_langue-francais","apidae_equipement-bar-ou-buvette","apidae_equipement-epicerie-alimentation","apidae_equipement-restauration-snack-ou-traditionnelle","apidae_equipement-wifi","apidae_service-accueil-de-groupes","apidae_service-animaux-acceptes","apidae_service-bord-de-lac-ou-riviere","apidae_service-carte-bleue","apidae_service-cheques-vacances","apidae_service-cheques-vacances-ancv-connect"],"yoast_head":"<!-- This site is optimized with the Yoast SEO plugin v26.4 - https:\/\/yoast.com\/wordpress\/plugins\/seo\/ -->\n<title>Camping Les F\u00e9es du Lac - campingtarn.com%<\/title>\n<meta name=\"description\" content=\"Camping Les F\u00e9es du Lac - Im Herzen des Regionalparks \u00ab Haut Languedoc \u00bb im D\u00e9partement Tarn gelegen heissen wir Sie herzlichst willkommen auf unserer 6 ha grossen, bewaldeten\" \/>\n<meta name=\"robots\" content=\"index, follow, max-snippet:-1, max-image-preview:large, max-video-preview:-1\" \/>\n<link rel=\"canonical\" href=\"https:\/\/www.campingtarn.com\/de\/hotellerie-plein-air\/camping-les-fees-du-lac\/\" \/>\n<meta property=\"og:locale\" content=\"de_DE\" \/>\n<meta property=\"og:type\" content=\"article\" \/>\n<meta property=\"og:title\" content=\"Camping Les F\u00e9es du Lac - campingtarn.com%\" \/>\n<meta property=\"og:description\" content=\"Camping Les F\u00e9es du Lac - Im Herzen des Regionalparks \u00ab Haut Languedoc \u00bb im D\u00e9partement Tarn gelegen heissen wir Sie herzlichst willkommen auf unserer 6 ha grossen, bewaldeten\" \/>\n<meta property=\"og:url\" content=\"https:\/\/www.campingtarn.com\/de\/hotellerie-plein-air\/camping-les-fees-du-lac\/\" \/>\n<meta property=\"og:site_name\" content=\"campingtarn.com\" \/>\n<meta property=\"article:modified_time\" content=\"2026-01-26T21:05:47+00:00\" \/>\n<meta property=\"og:image\" content=\"https:\/\/www.campingtarn.com\/wp-content\/uploads\/2025\/09\/19682556-1.jpg\" \/>\n\t<meta property=\"og:image:width\" content=\"1940\" \/>\n\t<meta property=\"og:image:height\" content=\"1240\" \/>\n\t<meta property=\"og:image:type\" content=\"image\/jpeg\" \/>\n<meta name=\"twitter:card\" content=\"summary_large_image\" \/>\n<meta name=\"twitter:label1\" content=\"Gesch\u00e4tzte Lesezeit\" \/>\n\t<meta name=\"twitter:data1\" content=\"1\u00a0Minute\" \/>\n<script type=\"application\/ld+json\" class=\"yoast-schema-graph\">{\"@context\":\"https:\/\/schema.org\",\"@graph\":[{\"@type\":\"WebPage\",\"@id\":\"https:\/\/www.campingtarn.com\/de\/hotellerie-plein-air\/camping-les-fees-du-lac\/\",\"url\":\"https:\/\/www.campingtarn.com\/de\/hotellerie-plein-air\/camping-les-fees-du-lac\/\",\"name\":\"Camping Les F\u00e9es du Lac - campingtarn.com%\",\"isPartOf\":{\"@id\":\"https:\/\/www.campingtarn.com\/de\/#website\"},\"primaryImageOfPage\":{\"@id\":\"https:\/\/www.campingtarn.com\/de\/hotellerie-plein-air\/camping-les-fees-du-lac\/#primaryimage\"},\"image\":{\"@id\":\"https:\/\/www.campingtarn.com\/de\/hotellerie-plein-air\/camping-les-fees-du-lac\/#primaryimage\"},\"thumbnailUrl\":\"https:\/\/www.campingtarn.com\/wp-content\/uploads\/2025\/09\/19682556-1.jpg\",\"datePublished\":\"2025-09-03T14:49:15+00:00\",\"dateModified\":\"2026-01-26T21:05:47+00:00\",\"description\":\"Camping Les F\u00e9es du Lac - Im Herzen des Regionalparks \u00ab Haut Languedoc \u00bb im D\u00e9partement Tarn gelegen heissen wir Sie herzlichst willkommen auf unserer 6 ha grossen, bewaldeten\",\"breadcrumb\":{\"@id\":\"https:\/\/www.campingtarn.com\/de\/hotellerie-plein-air\/camping-les-fees-du-lac\/#breadcrumb\"},\"inLanguage\":\"de\",\"potentialAction\":[{\"@type\":\"ReadAction\",\"target\":[\"https:\/\/www.campingtarn.com\/de\/hotellerie-plein-air\/camping-les-fees-du-lac\/\"]}]},{\"@type\":\"ImageObject\",\"inLanguage\":\"de\",\"@id\":\"https:\/\/www.campingtarn.com\/de\/hotellerie-plein-air\/camping-les-fees-du-lac\/#primaryimage\",\"url\":\"https:\/\/www.campingtarn.com\/wp-content\/uploads\/2025\/09\/19682556-1.jpg\",\"contentUrl\":\"https:\/\/www.campingtarn.com\/wp-content\/uploads\/2025\/09\/19682556-1.jpg\",\"width\":1940,\"height\":1240,\"caption\":\"Les F\u00e9es du Lac Lac\"},{\"@type\":\"BreadcrumbList\",\"@id\":\"https:\/\/www.campingtarn.com\/de\/hotellerie-plein-air\/camping-les-fees-du-lac\/#breadcrumb\",\"itemListElement\":[{\"@type\":\"ListItem\",\"position\":1,\"name\":\"Startseite\",\"item\":\"https:\/\/www.campingtarn.com\/de\/startseite\/\"},{\"@type\":\"ListItem\",\"position\":2,\"name\":\"Camping Les F\u00e9es du Lac\"}]},{\"@type\":\"WebSite\",\"@id\":\"https:\/\/www.campingtarn.com\/de\/#website\",\"url\":\"https:\/\/www.campingtarn.com\/de\/\",\"name\":\"campingtarn.com\",\"description\":\"\",\"potentialAction\":[{\"@type\":\"SearchAction\",\"target\":{\"@type\":\"EntryPoint\",\"urlTemplate\":\"https:\/\/www.campingtarn.com\/de\/?s={search_term_string}\"},\"query-input\":{\"@type\":\"PropertyValueSpecification\",\"valueRequired\":true,\"valueName\":\"search_term_string\"}}],\"inLanguage\":\"de\"}]}<\/script>\n<!-- \/ Yoast SEO plugin. -->","yoast_head_json":{"title":"Camping Les F\u00e9es du Lac - campingtarn.com%","description":"Camping Les F\u00e9es du Lac - Im Herzen des Regionalparks \u00ab Haut Languedoc \u00bb im D\u00e9partement Tarn gelegen heissen wir Sie herzlichst willkommen auf unserer 6 ha grossen, bewaldeten","robots":{"index":"index","follow":"follow","max-snippet":"max-snippet:-1","max-image-preview":"max-image-preview:large","max-video-preview":"max-video-preview:-1"},"canonical":"https:\/\/www.campingtarn.com\/de\/hotellerie-plein-air\/camping-les-fees-du-lac\/","og_locale":"de_DE","og_type":"article","og_title":"Camping Les F\u00e9es du Lac - campingtarn.com%","og_description":"Camping Les F\u00e9es du Lac - Im Herzen des Regionalparks \u00ab Haut Languedoc \u00bb im D\u00e9partement Tarn gelegen heissen wir Sie herzlichst willkommen auf unserer 6 ha grossen, bewaldeten","og_url":"https:\/\/www.campingtarn.com\/de\/hotellerie-plein-air\/camping-les-fees-du-lac\/","og_site_name":"campingtarn.com","article_modified_time":"2026-01-26T21:05:47+00:00","og_image":[{"width":1940,"height":1240,"url":"https:\/\/www.campingtarn.com\/wp-content\/uploads\/2025\/09\/19682556-1.jpg","type":"image\/jpeg"}],"twitter_card":"summary_large_image","twitter_misc":{"Gesch\u00e4tzte Lesezeit":"1\u00a0Minute"},"schema":{"@context":"https:\/\/schema.org","@graph":[{"@type":"WebPage","@id":"https:\/\/www.campingtarn.com\/de\/hotellerie-plein-air\/camping-les-fees-du-lac\/","url":"https:\/\/www.campingtarn.com\/de\/hotellerie-plein-air\/camping-les-fees-du-lac\/","name":"Camping Les F\u00e9es du Lac - campingtarn.com%","isPartOf":{"@id":"https:\/\/www.campingtarn.com\/de\/#website"},"primaryImageOfPage":{"@id":"https:\/\/www.campingtarn.com\/de\/hotellerie-plein-air\/camping-les-fees-du-lac\/#primaryimage"},"image":{"@id":"https:\/\/www.campingtarn.com\/de\/hotellerie-plein-air\/camping-les-fees-du-lac\/#primaryimage"},"thumbnailUrl":"https:\/\/www.campingtarn.com\/wp-content\/uploads\/2025\/09\/19682556-1.jpg","datePublished":"2025-09-03T14:49:15+00:00","dateModified":"2026-01-26T21:05:47+00:00","description":"Camping Les F\u00e9es du Lac - Im Herzen des Regionalparks \u00ab Haut Languedoc \u00bb im D\u00e9partement Tarn gelegen heissen wir Sie herzlichst willkommen auf unserer 6 ha grossen, bewaldeten","breadcrumb":{"@id":"https:\/\/www.campingtarn.com\/de\/hotellerie-plein-air\/camping-les-fees-du-lac\/#breadcrumb"},"inLanguage":"de","potentialAction":[{"@type":"ReadAction","target":["https:\/\/www.campingtarn.com\/de\/hotellerie-plein-air\/camping-les-fees-du-lac\/"]}]},{"@type":"ImageObject","inLanguage":"de","@id":"https:\/\/www.campingtarn.com\/de\/hotellerie-plein-air\/camping-les-fees-du-lac\/#primaryimage","url":"https:\/\/www.campingtarn.com\/wp-content\/uploads\/2025\/09\/19682556-1.jpg","contentUrl":"https:\/\/www.campingtarn.com\/wp-content\/uploads\/2025\/09\/19682556-1.jpg","width":1940,"height":1240,"caption":"Les F\u00e9es du Lac Lac"},{"@type":"BreadcrumbList","@id":"https:\/\/www.campingtarn.com\/de\/hotellerie-plein-air\/camping-les-fees-du-lac\/#breadcrumb","itemListElement":[{"@type":"ListItem","position":1,"name":"Startseite","item":"https:\/\/www.campingtarn.com\/de\/startseite\/"},{"@type":"ListItem","position":2,"name":"Camping Les F\u00e9es du Lac"}]},{"@type":"WebSite","@id":"https:\/\/www.campingtarn.com\/de\/#website","url":"https:\/\/www.campingtarn.com\/de\/","name":"campingtarn.com","description":"","potentialAction":[{"@type":"SearchAction","target":{"@type":"EntryPoint","urlTemplate":"https:\/\/www.campingtarn.com\/de\/?s={search_term_string}"},"query-input":{"@type":"PropertyValueSpecification","valueRequired":true,"valueName":"search_term_string"}}],"inLanguage":"de"}]}},"_links":{"self":[{"href":"https:\/\/www.campingtarn.com\/de\/wp-json\/wp\/v2\/ad_hot_plein_air\/5452","targetHints":{"allow":["GET"]}}],"collection":[{"href":"https:\/\/www.campingtarn.com\/de\/wp-json\/wp\/v2\/ad_hot_plein_air"}],"about":[{"href":"https:\/\/www.campingtarn.com\/de\/wp-json\/wp\/v2\/types\/ad_hot_plein_air"}],"wp:featuredmedia":[{"embeddable":true,"href":"https:\/\/www.campingtarn.com\/de\/wp-json\/wp\/v2\/media\/5466"}],"wp:attachment":[{"href":"https:\/\/www.campingtarn.com\/de\/wp-json\/wp\/v2\/media?parent=5452"}],"wp:term":[{"taxonomy":"apidae_theme","embeddable":true,"href":"https:\/\/www.campingtarn.com\/de\/wp-json\/wp\/v2\/apidae_theme?post=5452"},{"taxonomy":"apidae_territoire","embeddable":true,"href":"https:\/\/www.campingtarn.com\/de\/wp-json\/wp\/v2\/apidae_territoire?post=5452"},{"taxonomy":"apidae_langue","embeddable":true,"href":"https:\/\/www.campingtarn.com\/de\/wp-json\/wp\/v2\/apidae_langue?post=5452"},{"taxonomy":"apidae_equipement","embeddable":true,"href":"https:\/\/www.campingtarn.com\/de\/wp-json\/wp\/v2\/apidae_equipement?post=5452"},{"taxonomy":"apidae_service","embeddable":true,"href":"https:\/\/www.campingtarn.com\/de\/wp-json\/wp\/v2\/apidae_service?post=5452"},{"taxonomy":"apidae_moyen_paiement","embeddable":true,"href":"https:\/\/www.campingtarn.com\/de\/wp-json\/wp\/v2\/apidae_moyen_paiement?post=5452"},{"taxonomy":"apidae_special_camping_car","embeddable":true,"href":"https:\/\/www.campingtarn.com\/de\/wp-json\/wp\/v2\/apidae_special_camping_car?post=5452"}],"curies":[{"name":"wp","href":"https:\/\/api.w.org\/{rel}","templated":true}]}}

Camping Les Fées du Lac

<p>Im Herzen des Regionalparks « Haut Languedoc » im Département Tarn gelegen heissen wir Sie herzlichst willkommen auf unserer 6 ha grossen, bewaldeten Freizeitanlage am Ufer des «Laouzas» - See. Sie finden bei uns Ruhe und Entspannung, entdecken die Umgebung und haben zahlreiche Aktivitäten auf Land und auf dem Wasser. Unser familienorientierter Campingplatz hat schattige Plätze, die alle mit Stromanschluss ausgerüstet sind. Darüberhinaus haben wir komfortable Ferienwohnungen mit Blick auf den See.</p>

<p>Im Herzen des Regionalparks « Haut Languedoc » im Département Tarn gelegen heissen wir Sie herzlichst willkommen auf unserer 6 ha grossen, bewaldeten Freizeitanlage am Ufer des «Laouzas» - See. Sie finden bei uns Ruhe und Entspannung, entdecken die Umgebung und haben zahlreiche Aktivitäten auf Land und auf dem Wasser. Unser familienorientierter Campingplatz hat schattige [&hellip;]</p>

<!-- This site is optimized with the Yoast SEO plugin v26.4 - https://yoast.com/wordpress/plugins/seo/ -->
<title>Camping Les Fées du Lac - campingtarn.com%</title>
<meta name="description" content="Camping Les Fées du Lac - Im Herzen des Regionalparks « Haut Languedoc » im Département Tarn gelegen heissen wir Sie herzlichst willkommen auf unserer 6 ha grossen, bewaldeten" />
<meta name="robots" content="index, follow, max-snippet:-1, max-image-preview:large, max-video-preview:-1" />
<link rel="canonical" href="https://www.campingtarn.com/de/hotellerie-plein-air/camping-les-fees-du-lac/" />
<meta property="og:locale" content="de_DE" />
<meta property="og:type" content="article" />
<meta property="og:title" content="Camping Les Fées du Lac - campingtarn.com%" />
<meta property="og:description" content="Camping Les Fées du Lac - Im Herzen des Regionalparks « Haut Languedoc » im Département Tarn gelegen heissen wir Sie herzlichst willkommen auf unserer 6 ha grossen, bewaldeten" />
<meta property="og:url" content="https://www.campingtarn.com/de/hotellerie-plein-air/camping-les-fees-du-lac/" />
<meta property="og:site_name" content="campingtarn.com" />
<meta property="article:modified_time" content="2026-01-26T21:05:47+00:00" />
<meta property="og:image" content="https://www.campingtarn.com/wp-content/uploads/2025/09/19682556-1.jpg" />
	<meta property="og:image:width" content="1940" />
	<meta property="og:image:height" content="1240" />
	<meta property="og:image:type" content="image/jpeg" />
<meta name="twitter:card" content="summary_large_image" />
<meta name="twitter:label1" content="Geschätzte Lesezeit" />
	<meta name="twitter:data1" content="1 Minute" />
<script type="application/ld+json" class="yoast-schema-graph">{"@context":"https://schema.org","@graph":[{"@type":"WebPage","@id":"https://www.campingtarn.com/de/hotellerie-plein-air/camping-les-fees-du-lac/","url":"https://www.campingtarn.com/de/hotellerie-plein-air/camping-les-fees-du-lac/","name":"Camping Les Fées du Lac - campingtarn.com%","isPartOf":{"@id":"https://www.campingtarn.com/de/#website"},"primaryImageOfPage":{"@id":"https://www.campingtarn.com/de/hotellerie-plein-air/camping-les-fees-du-lac/#primaryimage"},"image":{"@id":"https://www.campingtarn.com/de/hotellerie-plein-air/camping-les-fees-du-lac/#primaryimage"},"thumbnailUrl":"https://www.campingtarn.com/wp-content/uploads/2025/09/19682556-1.jpg","datePublished":"2025-09-03T14:49:15+00:00","dateModified":"2026-01-26T21:05:47+00:00","description":"Camping Les Fées du Lac - Im Herzen des Regionalparks « Haut Languedoc » im Département Tarn gelegen heissen wir Sie herzlichst willkommen auf unserer 6 ha grossen, bewaldeten","breadcrumb":{"@id":"https://www.campingtarn.com/de/hotellerie-plein-air/camping-les-fees-du-lac/#breadcrumb"},"inLanguage":"de","potentialAction":[{"@type":"ReadAction","target":["https://www.campingtarn.com/de/hotellerie-plein-air/camping-les-fees-du-lac/"]}]},{"@type":"ImageObject","inLanguage":"de","@id":"https://www.campingtarn.com/de/hotellerie-plein-air/camping-les-fees-du-lac/#primaryimage","url":"https://www.campingtarn.com/wp-content/uploads/2025/09/19682556-1.jpg","contentUrl":"https://www.campingtarn.com/wp-content/uploads/2025/09/19682556-1.jpg","width":1940,"height":1240,"caption":"Les Fées du Lac Lac"},{"@type":"BreadcrumbList","@id":"https://www.campingtarn.com/de/hotellerie-plein-air/camping-les-fees-du-lac/#breadcrumb","itemListElement":[{"@type":"ListItem","position":1,"name":"Startseite","item":"https://www.campingtarn.com/de/startseite/"},{"@type":"ListItem","position":2,"name":"Camping Les Fées du Lac"}]},{"@type":"WebSite","@id":"https://www.campingtarn.com/de/#website","url":"https://www.campingtarn.com/de/","name":"campingtarn.com","description":"","potentialAction":[{"@type":"SearchAction","target":{"@type":"EntryPoint","urlTemplate":"https://www.campingtarn.com/de/?s={search_term_string}"},"query-input":{"@type":"PropertyValueSpecification","valueRequired":true,"valueName":"search_term_string"}}],"inLanguage":"de"}]}</script>
<!-- / Yoast SEO plugin. -->

Camping Les Fées du Lac - campingtarn.com%

Camping Les Fées du Lac - Im Herzen des Regionalparks « Haut Languedoc » im Département Tarn gelegen heissen wir Sie herzlichst willkommen auf unserer 6 ha grossen, bewaldeten

Les Fées du Lac Lac
