{"id":12681,"date":"2025-09-04T08:10:50","date_gmt":"2025-09-04T08:10:50","guid":{"rendered":"https:\/\/www.campingtarn.com\/hotellerie-plein-air\/aparcamiento-privado-para-caravanas-en-lautrec-francoumas\/"},"modified":"2025-09-04T08:10:50","modified_gmt":"2025-09-04T08:10:50","slug":"aparcamiento-privado-para-caravanas-en-lautrec-francoumas","status":"publish","type":"ad_hot_plein_air","link":"https:\/\/www.campingtarn.com\/es\/hotellerie-plein-air\/aparcamiento-privado-para-caravanas-en-lautrec-francoumas\/","title":{"rendered":"Aparcamiento privado para caravanas en Lautrec (Fran\u00e7oumas)"},"content":{"rendered":"<p>A 4 km del centro de la ciudad, cerca de la Voie Verte.<br \/>Con capacidad para 4 veh\u00edculos, autosuficiente en agua y electricidad<br \/>Se ruega llegar antes de las 19 h. Del 01\/03 al 31\/10. <\/p>\n","protected":false},"excerpt":{"rendered":"<p>A 4 km del centro de la ciudad, cerca de la Voie Verte.Con capacidad para 4 veh\u00edculos, autosuficiente en agua y electricidadSe ruega llegar antes de las 19 h. Del 01\/03 al 31\/10.<\/p>\n","protected":false},"featured_media":12682,"template":"","meta":[],"apidae_theme":[],"apidae_territoire":[649],"apidae_langue":[571,573],"apidae_equipement":[],"apidae_service":[],"apidae_moyen_paiement":[],"apidae_special_camping_car":[],"class_list":["post-12681","ad_hot_plein_air","type-ad_hot_plein_air","status-publish","has-post-thumbnail","hentry","apidae_territoire-pays-de-cocagne","apidae_langue-francais","apidae_langue-frances"],"yoast_head":"<!-- This site is optimized with the Yoast SEO plugin v26.4 - https:\/\/yoast.com\/wordpress\/plugins\/seo\/ -->\n<title>Aparcamiento privado para autocaravanas en Lautrec - Francoumas<\/title>\n<meta name=\"description\" content=\"Aparcamiento privado para autocaravanas en Lautrec (Francoumas, Tarn): aparcamiento tranquilo, agua, desag\u00fce, electricidad. Informaci\u00f3n pr\u00e1ctica, precios y acceso.\" \/>\n<meta name=\"robots\" content=\"index, follow, max-snippet:-1, max-image-preview:large, max-video-preview:-1\" \/>\n<link rel=\"canonical\" href=\"https:\/\/www.campingtarn.com\/es\/hotellerie-plein-air\/aparcamiento-privado-para-caravanas-en-lautrec-francoumas\/\" \/>\n<meta property=\"og:locale\" content=\"es_ES\" \/>\n<meta property=\"og:type\" content=\"article\" \/>\n<meta property=\"og:title\" content=\"Aparcamiento privado para autocaravanas en Lautrec - Francoumas\" \/>\n<meta property=\"og:description\" content=\"Aparcamiento privado para autocaravanas en Lautrec (Francoumas, Tarn): aparcamiento tranquilo, agua, desag\u00fce, electricidad. Informaci\u00f3n pr\u00e1ctica, precios y acceso.\" \/>\n<meta property=\"og:url\" content=\"https:\/\/www.campingtarn.com\/es\/hotellerie-plein-air\/aparcamiento-privado-para-caravanas-en-lautrec-francoumas\/\" \/>\n<meta property=\"og:site_name\" content=\"campingtarn.com\" \/>\n<meta name=\"twitter:card\" content=\"summary_large_image\" \/>\n<script type=\"application\/ld+json\" class=\"yoast-schema-graph\">{\"@context\":\"https:\/\/schema.org\",\"@graph\":[{\"@type\":\"WebPage\",\"@id\":\"https:\/\/www.campingtarn.com\/es\/hotellerie-plein-air\/aparcamiento-privado-para-caravanas-en-lautrec-francoumas\/\",\"url\":\"https:\/\/www.campingtarn.com\/es\/hotellerie-plein-air\/aparcamiento-privado-para-caravanas-en-lautrec-francoumas\/\",\"name\":\"Aparcamiento privado para autocaravanas en Lautrec - Francoumas\",\"isPartOf\":{\"@id\":\"https:\/\/www.campingtarn.com\/es\/#website\"},\"primaryImageOfPage\":{\"@id\":\"https:\/\/www.campingtarn.com\/es\/hotellerie-plein-air\/aparcamiento-privado-para-caravanas-en-lautrec-francoumas\/#primaryimage\"},\"image\":{\"@id\":\"https:\/\/www.campingtarn.com\/es\/hotellerie-plein-air\/aparcamiento-privado-para-caravanas-en-lautrec-francoumas\/#primaryimage\"},\"thumbnailUrl\":\"https:\/\/www.campingtarn.com\/wp-content\/uploads\/2025\/09\/10605734-diaporama-1.jpg\",\"datePublished\":\"2025-09-04T08:10:50+00:00\",\"description\":\"Aparcamiento privado para autocaravanas en Lautrec (Francoumas, Tarn): aparcamiento tranquilo, agua, desag\u00fce, electricidad. Informaci\u00f3n pr\u00e1ctica, precios y acceso.\",\"breadcrumb\":{\"@id\":\"https:\/\/www.campingtarn.com\/es\/hotellerie-plein-air\/aparcamiento-privado-para-caravanas-en-lautrec-francoumas\/#breadcrumb\"},\"inLanguage\":\"es\",\"potentialAction\":[{\"@type\":\"ReadAction\",\"target\":[\"https:\/\/www.campingtarn.com\/es\/hotellerie-plein-air\/aparcamiento-privado-para-caravanas-en-lautrec-francoumas\/\"]}]},{\"@type\":\"ImageObject\",\"inLanguage\":\"es\",\"@id\":\"https:\/\/www.campingtarn.com\/es\/hotellerie-plein-air\/aparcamiento-privado-para-caravanas-en-lautrec-francoumas\/#primaryimage\",\"url\":\"https:\/\/www.campingtarn.com\/wp-content\/uploads\/2025\/09\/10605734-diaporama-1.jpg\",\"contentUrl\":\"https:\/\/www.campingtarn.com\/wp-content\/uploads\/2025\/09\/10605734-diaporama-1.jpg\",\"width\":900,\"height\":600,\"caption\":\"Aparcamiento Fran\u00e7oumas\"},{\"@type\":\"BreadcrumbList\",\"@id\":\"https:\/\/www.campingtarn.com\/es\/hotellerie-plein-air\/aparcamiento-privado-para-caravanas-en-lautrec-francoumas\/#breadcrumb\",\"itemListElement\":[{\"@type\":\"ListItem\",\"position\":1,\"name\":\"Inicio\",\"item\":\"https:\/\/www.campingtarn.com\/es\/inicio\/\"},{\"@type\":\"ListItem\",\"position\":2,\"name\":\"Aparcamiento privado para caravanas en Lautrec (Fran\u00e7oumas)\"}]},{\"@type\":\"WebSite\",\"@id\":\"https:\/\/www.campingtarn.com\/es\/#website\",\"url\":\"https:\/\/www.campingtarn.com\/es\/\",\"name\":\"campingtarn.com\",\"description\":\"\",\"potentialAction\":[{\"@type\":\"SearchAction\",\"target\":{\"@type\":\"EntryPoint\",\"urlTemplate\":\"https:\/\/www.campingtarn.com\/es\/?s={search_term_string}\"},\"query-input\":{\"@type\":\"PropertyValueSpecification\",\"valueRequired\":true,\"valueName\":\"search_term_string\"}}],\"inLanguage\":\"es\"}]}<\/script>\n<!-- \/ Yoast SEO plugin. -->","yoast_head_json":{"title":"Aparcamiento privado para autocaravanas en Lautrec - Francoumas","description":"Aparcamiento privado para autocaravanas en Lautrec (Francoumas, Tarn): aparcamiento tranquilo, agua, desag\u00fce, electricidad. Informaci\u00f3n pr\u00e1ctica, precios y acceso.","robots":{"index":"index","follow":"follow","max-snippet":"max-snippet:-1","max-image-preview":"max-image-preview:large","max-video-preview":"max-video-preview:-1"},"canonical":"https:\/\/www.campingtarn.com\/es\/hotellerie-plein-air\/aparcamiento-privado-para-caravanas-en-lautrec-francoumas\/","og_locale":"es_ES","og_type":"article","og_title":"Aparcamiento privado para autocaravanas en Lautrec - Francoumas","og_description":"Aparcamiento privado para autocaravanas en Lautrec (Francoumas, Tarn): aparcamiento tranquilo, agua, desag\u00fce, electricidad. Informaci\u00f3n pr\u00e1ctica, precios y acceso.","og_url":"https:\/\/www.campingtarn.com\/es\/hotellerie-plein-air\/aparcamiento-privado-para-caravanas-en-lautrec-francoumas\/","og_site_name":"campingtarn.com","twitter_card":"summary_large_image","schema":{"@context":"https:\/\/schema.org","@graph":[{"@type":"WebPage","@id":"https:\/\/www.campingtarn.com\/es\/hotellerie-plein-air\/aparcamiento-privado-para-caravanas-en-lautrec-francoumas\/","url":"https:\/\/www.campingtarn.com\/es\/hotellerie-plein-air\/aparcamiento-privado-para-caravanas-en-lautrec-francoumas\/","name":"Aparcamiento privado para autocaravanas en Lautrec - Francoumas","isPartOf":{"@id":"https:\/\/www.campingtarn.com\/es\/#website"},"primaryImageOfPage":{"@id":"https:\/\/www.campingtarn.com\/es\/hotellerie-plein-air\/aparcamiento-privado-para-caravanas-en-lautrec-francoumas\/#primaryimage"},"image":{"@id":"https:\/\/www.campingtarn.com\/es\/hotellerie-plein-air\/aparcamiento-privado-para-caravanas-en-lautrec-francoumas\/#primaryimage"},"thumbnailUrl":"https:\/\/www.campingtarn.com\/wp-content\/uploads\/2025\/09\/10605734-diaporama-1.jpg","datePublished":"2025-09-04T08:10:50+00:00","description":"Aparcamiento privado para autocaravanas en Lautrec (Francoumas, Tarn): aparcamiento tranquilo, agua, desag\u00fce, electricidad. Informaci\u00f3n pr\u00e1ctica, precios y acceso.","breadcrumb":{"@id":"https:\/\/www.campingtarn.com\/es\/hotellerie-plein-air\/aparcamiento-privado-para-caravanas-en-lautrec-francoumas\/#breadcrumb"},"inLanguage":"es","potentialAction":[{"@type":"ReadAction","target":["https:\/\/www.campingtarn.com\/es\/hotellerie-plein-air\/aparcamiento-privado-para-caravanas-en-lautrec-francoumas\/"]}]},{"@type":"ImageObject","inLanguage":"es","@id":"https:\/\/www.campingtarn.com\/es\/hotellerie-plein-air\/aparcamiento-privado-para-caravanas-en-lautrec-francoumas\/#primaryimage","url":"https:\/\/www.campingtarn.com\/wp-content\/uploads\/2025\/09\/10605734-diaporama-1.jpg","contentUrl":"https:\/\/www.campingtarn.com\/wp-content\/uploads\/2025\/09\/10605734-diaporama-1.jpg","width":900,"height":600,"caption":"Aparcamiento Fran\u00e7oumas"},{"@type":"BreadcrumbList","@id":"https:\/\/www.campingtarn.com\/es\/hotellerie-plein-air\/aparcamiento-privado-para-caravanas-en-lautrec-francoumas\/#breadcrumb","itemListElement":[{"@type":"ListItem","position":1,"name":"Inicio","item":"https:\/\/www.campingtarn.com\/es\/inicio\/"},{"@type":"ListItem","position":2,"name":"Aparcamiento privado para caravanas en Lautrec (Fran\u00e7oumas)"}]},{"@type":"WebSite","@id":"https:\/\/www.campingtarn.com\/es\/#website","url":"https:\/\/www.campingtarn.com\/es\/","name":"campingtarn.com","description":"","potentialAction":[{"@type":"SearchAction","target":{"@type":"EntryPoint","urlTemplate":"https:\/\/www.campingtarn.com\/es\/?s={search_term_string}"},"query-input":{"@type":"PropertyValueSpecification","valueRequired":true,"valueName":"search_term_string"}}],"inLanguage":"es"}]}},"_links":{"self":[{"href":"https:\/\/www.campingtarn.com\/es\/wp-json\/wp\/v2\/ad_hot_plein_air\/12681","targetHints":{"allow":["GET"]}}],"collection":[{"href":"https:\/\/www.campingtarn.com\/es\/wp-json\/wp\/v2\/ad_hot_plein_air"}],"about":[{"href":"https:\/\/www.campingtarn.com\/es\/wp-json\/wp\/v2\/types\/ad_hot_plein_air"}],"wp:featuredmedia":[{"embeddable":true,"href":"https:\/\/www.campingtarn.com\/es\/wp-json\/wp\/v2\/media\/12682"}],"wp:attachment":[{"href":"https:\/\/www.campingtarn.com\/es\/wp-json\/wp\/v2\/media?parent=12681"}],"wp:term":[{"taxonomy":"apidae_theme","embeddable":true,"href":"https:\/\/www.campingtarn.com\/es\/wp-json\/wp\/v2\/apidae_theme?post=12681"},{"taxonomy":"apidae_territoire","embeddable":true,"href":"https:\/\/www.campingtarn.com\/es\/wp-json\/wp\/v2\/apidae_territoire?post=12681"},{"taxonomy":"apidae_langue","embeddable":true,"href":"https:\/\/www.campingtarn.com\/es\/wp-json\/wp\/v2\/apidae_langue?post=12681"},{"taxonomy":"apidae_equipement","embeddable":true,"href":"https:\/\/www.campingtarn.com\/es\/wp-json\/wp\/v2\/apidae_equipement?post=12681"},{"taxonomy":"apidae_service","embeddable":true,"href":"https:\/\/www.campingtarn.com\/es\/wp-json\/wp\/v2\/apidae_service?post=12681"},{"taxonomy":"apidae_moyen_paiement","embeddable":true,"href":"https:\/\/www.campingtarn.com\/es\/wp-json\/wp\/v2\/apidae_moyen_paiement?post=12681"},{"taxonomy":"apidae_special_camping_car","embeddable":true,"href":"https:\/\/www.campingtarn.com\/es\/wp-json\/wp\/v2\/apidae_special_camping_car?post=12681"}],"curies":[{"name":"wp","href":"https:\/\/api.w.org\/{rel}","templated":true}]}}

Aparcamiento privado para caravanas en Lautrec (Françoumas)

<p>A 4 km del centro de la ciudad, cerca de la Voie Verte.<br />Con capacidad para 4 vehículos, autosuficiente en agua y electricidad<br />Se ruega llegar antes de las 19 h. Del 01/03 al 31/10. </p>

<p>A 4 km del centro de la ciudad, cerca de la Voie Verte.Con capacidad para 4 vehículos, autosuficiente en agua y electricidadSe ruega llegar antes de las 19 h. Del 01/03 al 31/10.</p>

<!-- This site is optimized with the Yoast SEO plugin v26.4 - https://yoast.com/wordpress/plugins/seo/ -->
<title>Aparcamiento privado para autocaravanas en Lautrec - Francoumas</title>
<meta name="description" content="Aparcamiento privado para autocaravanas en Lautrec (Francoumas, Tarn): aparcamiento tranquilo, agua, desagüe, electricidad. Información práctica, precios y acceso." />
<meta name="robots" content="index, follow, max-snippet:-1, max-image-preview:large, max-video-preview:-1" />
<link rel="canonical" href="https://www.campingtarn.com/es/hotellerie-plein-air/aparcamiento-privado-para-caravanas-en-lautrec-francoumas/" />
<meta property="og:locale" content="es_ES" />
<meta property="og:type" content="article" />
<meta property="og:title" content="Aparcamiento privado para autocaravanas en Lautrec - Francoumas" />
<meta property="og:description" content="Aparcamiento privado para autocaravanas en Lautrec (Francoumas, Tarn): aparcamiento tranquilo, agua, desagüe, electricidad. Información práctica, precios y acceso." />
<meta property="og:url" content="https://www.campingtarn.com/es/hotellerie-plein-air/aparcamiento-privado-para-caravanas-en-lautrec-francoumas/" />
<meta property="og:site_name" content="campingtarn.com" />
<meta name="twitter:card" content="summary_large_image" />
<script type="application/ld+json" class="yoast-schema-graph">{"@context":"https://schema.org","@graph":[{"@type":"WebPage","@id":"https://www.campingtarn.com/es/hotellerie-plein-air/aparcamiento-privado-para-caravanas-en-lautrec-francoumas/","url":"https://www.campingtarn.com/es/hotellerie-plein-air/aparcamiento-privado-para-caravanas-en-lautrec-francoumas/","name":"Aparcamiento privado para autocaravanas en Lautrec - Francoumas","isPartOf":{"@id":"https://www.campingtarn.com/es/#website"},"primaryImageOfPage":{"@id":"https://www.campingtarn.com/es/hotellerie-plein-air/aparcamiento-privado-para-caravanas-en-lautrec-francoumas/#primaryimage"},"image":{"@id":"https://www.campingtarn.com/es/hotellerie-plein-air/aparcamiento-privado-para-caravanas-en-lautrec-francoumas/#primaryimage"},"thumbnailUrl":"https://www.campingtarn.com/wp-content/uploads/2025/09/10605734-diaporama-1.jpg","datePublished":"2025-09-04T08:10:50+00:00","description":"Aparcamiento privado para autocaravanas en Lautrec (Francoumas, Tarn): aparcamiento tranquilo, agua, desagüe, electricidad. Información práctica, precios y acceso.","breadcrumb":{"@id":"https://www.campingtarn.com/es/hotellerie-plein-air/aparcamiento-privado-para-caravanas-en-lautrec-francoumas/#breadcrumb"},"inLanguage":"es","potentialAction":[{"@type":"ReadAction","target":["https://www.campingtarn.com/es/hotellerie-plein-air/aparcamiento-privado-para-caravanas-en-lautrec-francoumas/"]}]},{"@type":"ImageObject","inLanguage":"es","@id":"https://www.campingtarn.com/es/hotellerie-plein-air/aparcamiento-privado-para-caravanas-en-lautrec-francoumas/#primaryimage","url":"https://www.campingtarn.com/wp-content/uploads/2025/09/10605734-diaporama-1.jpg","contentUrl":"https://www.campingtarn.com/wp-content/uploads/2025/09/10605734-diaporama-1.jpg","width":900,"height":600,"caption":"Aparcamiento Françoumas"},{"@type":"BreadcrumbList","@id":"https://www.campingtarn.com/es/hotellerie-plein-air/aparcamiento-privado-para-caravanas-en-lautrec-francoumas/#breadcrumb","itemListElement":[{"@type":"ListItem","position":1,"name":"Inicio","item":"https://www.campingtarn.com/es/inicio/"},{"@type":"ListItem","position":2,"name":"Aparcamiento privado para caravanas en Lautrec (Françoumas)"}]},{"@type":"WebSite","@id":"https://www.campingtarn.com/es/#website","url":"https://www.campingtarn.com/es/","name":"campingtarn.com","description":"","potentialAction":[{"@type":"SearchAction","target":{"@type":"EntryPoint","urlTemplate":"https://www.campingtarn.com/es/?s={search_term_string}"},"query-input":{"@type":"PropertyValueSpecification","valueRequired":true,"valueName":"search_term_string"}}],"inLanguage":"es"}]}</script>
<!-- / Yoast SEO plugin. -->

Aparcamiento privado para autocaravanas en Lautrec (Francoumas, Tarn): aparcamiento tranquilo, agua, desagüe, electricidad. Información práctica, precios y acceso.

Aparcamiento Françoumas
